divided by 46?
10
What is the remainder when 2887 is divided by 8?
7
Calculate the remainder when 72 is divided by 46.
26
What is the remainder when 276 is divided by 61?
32
Calculate the remainder when 439 is divided by 71.
13
What is the remainder when 269 is divided by 55?
49
What is the remainder when 1167 is divided by 78?
75
What is the remainder when 756 is divided by 19?
15
Calculate the remainder when 155 is divided by 42.
29
What is the remainder when 2229 is divided by 203?
199
What is the remainder when 455 is divided by 38?
37
Calculate the remainder when 78 is divided by 17.
10
Calculate the remainder when 586 is divided by 115.
11
What is the remainder when 44 is divided by 16?
12
What is the remainder when 1583 is divided by 44?
43
What is the remainder when 876 is divided by 100?
76
Calculate the remainder when 735 is divided by 31.
22
Calculate the remainder when 154 is divided by 25.
4
Calculate the remainder when 335 is divided by 56.
55
What is the remainder when 21 is divided by 14?
7
What is the remainder when 65 is divided by 16?
1
Calculate the remainder when 193 is divided by 66.
61
Calculate the remainder when 1501 is divided by 16.
13
Calculate the remainder when 188 is divided by 96.
92
What is the remainder when 207 is divided by 26?
25
Calculate the remainder when 506 is divided by 57.
50
Calculate the remainder when 196 is divided by 60.
16
Calculate the remainder when 356 is divided by 33.
26
What is the remainder when 7484 is divided by 13?
9
What is the remainder when 559 is divided by 181?
16
Calculate the remainder when 250 is divided by 38.
22
What is the remainder when 9178 is divided by 45?
43
Calculate the remainder when 121 is divided by 25.
21
Calculate the remainder when 1114 is divided by 548.
18
Calculate the remainder when 20165 is divided by 81.
77
Calculate the remainder when 547 is divided by 513.
34
Calculate the remainder when 127 is divided by 28.
15
Calculate the remainder when 1094 is divided by 1086.
8
Calculate the remainder when 1642 is divided by 546.
4
Calculate the remainder when 1057 is divided by 150.
7
What is the remainder when 153 is divided by 4?
1
What is the remainder when 200 is divided by 163?
37
What is the remainder when 468 is divided by 119?
111
Calculate the remainder when 111 is divided by 69.
42
Calculate the remainder when 169 is divided by 49.
22
What is the remainder when 56 is divided by 7?
0
Calculate the remainder when 1059 is divided by 38.
33
What is the remainder when 359 is divided by 311?
48
Calculate the remainder when 98 is divided by 20.
18
Calculate the remainder when 580 is divided by 156.
112
What is the remainder when 510 is divided by 16?
14
What is the remainder when 41 is divided by 14?
13
What is the remainder when 159 is divided by 133?
26
What is the remainder when 874 is divided by 73?
71
What is the remainder when 280 is divided by 94?
92
Calculate the remainder when 368 is divided by 37.
35
Calculate the remainder when 133 is divided by 40.
13
Calculate the remainder when 47 is divided by 20.
7
Calculate the remainder when 284 is divided by 62.
36
What is the remainder when 4146 is divided by 10?
6
Calculate the remainder when 541 is divided by 21.
16
What is the remainder when 5950 is divided by 229?
225
What is the remainder when 21 is divided by 14?
7
Calculate the remainder when 200 is divided by 102.
98
What is the remainder when 9 is divided by 5?
4
What is the remainder when 2464 is divided by 274?
272
What is the remainder when 160 is divided by 153?
7
What is the remainder when 284 is divided by 7?
4
What is the remainder when 1599 is divided by 529?
12
What is the remainder when 3793 is divided by 3?
1
Calculate the remainder when 576 is divided by 60.
36
What is the remainder when 126 is divided by 108?
18
What is the remainder when 97 is divided by 20?
17
What is the remainder when 1903 is divided by 127?
125
Calculate the remainder when 197 is divided by 5.
2
What is the remainder when 3441 is divided by 3430?
11
Calculate the remainder when 109 is divided by 60.
49
What is the remainder when 643 is divided by 37?
14
Calculate the remainder when 262 is divided by 2.
0
Calculate the remainder when 288 is divided by 145.
143
What is the remainder when 147 is divided by 23?
9
Calculate the remainder when 180 is divided by 13.
11
What is the remainder when 5349 is divided by 20?
9
Calculate the remainder when 293 is divided by 79.
56
What is the remainder when 506 is divided by 34?
30
What is the remainder when 168 is divided by 34?
32
What is the remainder when 621 is divided by 70?
61
Calculate the remainder when 330 is divided by 102.
24
What is the remainder when 1394 is divided by 50?
44
What is the remainder when 300 is divided by 38?
34
Calculate the remainder when 387 is divided by 2.
1
What is the remainder when 339 is divided by 25?
14
What is the remainder when 251 is divided by 60?
11
Calculate the remainder when 364 is divided by 56.
28
Calculate the remainder when 342 is divided by 88.
78
Calculate the remainder when 165 is divided by 21.
18
Calculate the remainder when 29337 is divided by 20.
17
What is the remainder when 1172 is divided by 6?
2
Calculate the remainder when 225 is divided by 21.
15
What is the remainder when 7801 is divided by 83?
82
Calculate the remainder when 368 is divided by 12.
8
What is the remainder when 114 is divided by 40?
34
Calculate the remainder when 487 is divided by 114.
31
What is the remainder when 3177 is divided by 86?
81
Calculate the remainder when 1799 is divided by 60.
59
What is the remainder when 144 is divided by 22?
12
What is the remainder when 183 is divided by 92?
91
Calculate the remainder when 1183 is divided by 30.
13
Calculate the remainder when 389 is divided by 49.
46
What is the remainder when 273 is divided by 52?
13
Calculate the remainder when 779 is divided by 78.
77
Calculate the remainder when 461 is divided by 15.
11
What is the remainder when 326 is divided by 170?
156
What is the remainder when 339 is divided by 18?
15
Calculate the remainder when 35677 is divided by 21.
19
Calculate the remainder when 873 is divided by 15.
3
What is the remainder when 234 is divided by 50?
34
What is the remainder when 132 is divided by 67?
65
What is the remainder when 229 is divided by 39?
34
What is the remainder when 157 is divided by 57?
43
What is the remainder when 1071 is divided by 266?
7
Calculate the remainder when 194 is divided by 46.
10
Calculate the remainder when 52 is divided by 28.
24
Calculate the remainder when 72 is divided by 52.
20
Calculate the remainder when 213 is divided by 111.
102
Calculate the remainder when 566 is divided by 184.
14
What is the remainder when 14 is divided by 2?
0
Calculate the remainder when 642 is divided by 286.
70
Calculate the remainder when 529 is divided by 13.
9
What is the remainder when 172 is divided by 16?
12
What is the remainder when 625 is divided by 79?
72
What is the remainder when 202 is divided by 41?
38
What is the remainder when 459 is divided by 221?
17
What is the remainder when 1650 is divided by 286?
220
What is the remainder when 44 is divided by 2?
0
What is the remainder when 41 is divided by 9?
5
Calculate the remainder when 99 is divided by 35.
29
Calculate the remainder when 442 is divided by 47.
19
What is the remainder when 311 is divided by 45?
41
Calculate the remainder when 192 is divided by 28.
24
What is the remainder when 137 is divided by 32?
9
Calculate the remainder when 428 is divided by 59.
15
What is the remainder when 741 is divided by 237?
30
Calculate the remainder when 3117 is divided by 120.
117
Calculate the remainder when 68 is divided by 38.
30
Calculate the remainder when 557 is divided by 56.
53
Calculate the remainder when 8380 is divided by 10.
0
What is the remainder when 26 is divided by 15?
11
Calculate the remainder when 254 is divided by 242.
12
Calculate the remainder when 48 is divided by 3.
0
Calculate the remainder when 203 is divided by 52.
47
Calculate the remainder when 1510 is divided by 18.
16
Calculate the remainder when 23 is divided by 10.
3
Calculate the remainder when 3931 is divided by 23.
21
Calculate the remainder when 636 is divided by 29